ist the prime factors of 44945.
5, 89, 101
List the prime factors of 4113.
3, 457
What are the prime factors of 4596?
2, 3, 383
List the prime factors of 2871.
3, 11, 29
List the prime factors of 40606.
2, 79, 257
List the prime factors of 158267.
101, 1567
What are the prime factors of 22170?
2, 3, 5, 739
What are the prime factors of 12661?
11, 1151
What are the prime factors of 1539?
3, 19
What are the prime factors of 961?
31
List the prime factors of 2415.
3, 5, 7, 23
List the prime factors of 53476.
2, 29, 461
List the prime factors of 24762.
2, 3, 4127
What are the prime factors of 128734?
2, 191, 337
List the prime factors of 7232.
2, 113
List the prime factors of 37896.
2, 3, 1579
What are the prime factors of 1512?
2, 3, 7
What are the prime factors of 21506?
2, 10753
List the prime factors of 1415.
5, 283
List the prime factors of 65203.
65203
What are the prime factors of 1565?
5, 313
List the prime factors of 2395.
5, 479
List the prime factors of 104312.
2, 13, 17, 59
What are the prime factors of 1552?
2, 97
What are the prime factors of 3849?
3, 1283
List the prime factors of 1021.
1021
List the prime factors of 5890.
2, 5, 19, 31
List the prime factors of 25429.
59, 431
List the prime factors of 3061.
3061
What are the prime factors of 3242?
2, 1621
List the prime factors of 389.
389
List the prime factors of 19619.
23, 853
What are the prime factors of 385?
5, 7, 11
List the prime factors of 10868.
2, 11, 13, 19
What are the prime factors of 15071?
7, 2153
List the prime factors of 29496.
2, 3, 1229
What are the prime factors of 165361?
7, 23623
What are the prime factors of 34560?
2, 3, 5
What are the prime factors of 3871?
7, 79
List the prime factors of 74275.
5, 2971
List the prime factors of 775.
5, 31
List the prime factors of 44501.
44501
List the prime factors of 23095.
5, 31, 149
What are the prime factors of 106?
2, 53
List the prime factors of 5300.
2, 5, 53
What are the prime factors of 1346?
2, 673
What are the prime factors of 927?
3, 103
List the prime factors of 1485.
3, 5, 11
What are the prime factors of 7994?
2, 7, 571
List the prime factors of 858.
2, 3, 11, 13
List the prime factors of 167.
167
List the prime factors of 28372.
2, 41, 173
What are the prime factors of 65702?
2, 7, 13, 19
List the prime factors of 563.
563
What are the prime factors of 7856?
2, 491
List the prime factors of 2326.
2, 1163
What are the prime factors of 37164?
2, 3, 19, 163
List the prime factors of 19670.
2, 5, 7, 281
What are the prime factors of 83408?
2, 13, 401
List the prime factors of 84108.
2, 3, 43, 163
List the prime factors of 1109.
1109
What are the prime factors of 14197?
14197
List the prime factors of 133043.
233, 571
List the prime factors of 153615.
3, 5, 7, 11, 19
What are the prime factors of 1189?
29, 41
List the prime factors of 19718.
2, 9859
What are the prime factors of 3124?
2, 11, 71
What are the prime factors of 1193?
1193
List the prime factors of 150.
2, 3, 5
List the prime factors of 23.
23
List the prime factors of 1705.
5, 11, 31
List the prime factors of 11104.
2, 347
List the prime factors of 331.
331
List the prime factors of 3363.
3, 19, 59
What are the prime factors of 1768?
2, 13, 17
List the prime factors of 4325.
5, 173
List the prime factors of 3128.
2, 17, 23
List the prime factors of 1555.
5, 311
What are the prime factors of 6612?
2, 3, 19, 29
What are the prime factors of 18184?
2, 2273
What are the prime factors of 1824?
2, 3, 19
What are the prime factors of 5482?
2, 2741
List the prime factors of 2045.
5, 409
List the prime factors of 29880.
2, 3, 5, 83
List the prime factors of 2297.
2297
What are the prime factors of 34971?
3, 11657
List the prime factors of 97408.
2, 761
What are the prime factors of 2266?
2, 11, 103
What are the prime factors of 97609?
97609
What are the prime factors of 193?
193
What are the prime factors of 1467?
3, 163
List the prime factors of 36741.
3, 37, 331
What are the prime factors of 26465?
5, 67, 79
List the prime factors of 1232.
2, 7, 11
List the prime factors of 1614.
2, 3, 269
List the prime factors of 9482.
2, 11, 431
What are the prime factors of 1384?
2, 173
List the prime factors of 23069.
17, 23, 59
What are the prime factors of 38328?
2, 3, 1597
What are the prime factors of 1408?
2, 11
List the prime factors of 5193.
3, 577
What are the prime factors of 5398?
2, 2699
List the prime factors of 2932.
2, 733
What are the prime factors of 5185?
5, 17, 61
List the prime factors of 169.
13
List the prime factors of 28254.
2, 3, 17, 277
What are the prime factors of 14715?
3, 5, 109
List the prime factors of 1134.
2, 3, 7
List the prime factors of 1543.
1543
List the prime factors of 1733.
1733
What are the prime factors of 557?
557
What are the prime factors of 116045?
5, 23209
What are the prime factors of 4717?
53, 89
List the prime factors of 21905.
5, 13, 337
List the prime factors of 1983.
3, 661
List the prime factors of 188.
2, 47
List the prime factors of 49242.
2, 3, 29, 283
What are the prime factors of 5965?
5, 1193
What are the prime factors of 6088?
2, 761
List the prime factors of 28039.
11, 2549
What are the prime factors of 59596?
2, 47, 317
List the prime factors of 4998.
2, 3, 7, 17
List the prime factors of 25887.
3, 8629
List the prime factors of 13631.
43, 317
List the prime factors of 114691.
114691
List the prime factors of 2232.
2, 3, 31
What are the prime factors of 5454?
2, 3, 101
What are the prime factors of 9084?
2, 3, 757
List the prime factors of 228.
2, 3, 19
What are the prime factors of 482?
2, 241
What are the prime factors of 12542?
2, 6271
List the prime factors of 3574.
2, 1787
List the prime factors of 10692.
2, 3, 11
What are the prime factors of 4084?
2, 1021
List the prime factors of 5795.
5, 19, 61
What are the prime factors of 30836?
2, 13, 593
What are the prime factors of 18603?
3, 13, 53
What are the prime factors of 40282?
2, 11, 1831
What are the prime factors of 181772?
2, 29, 1567
List the prime factors of 9524.
2, 2381
What are the prime factors of 1101?
3, 367
What are the prime factors of 3387?
3, 1129
What are the prime factors of 159?
3, 53
List the prime factors of 4724.
2, 1181
What are the prime factors of 1008?
2, 3, 7
List the prime factors of 103072.
2, 3221
What are the prime factors of 1258?
2, 17, 37
List the prime factors of 92876.
2, 7, 31, 107
What are the prime factors of 1056?
2, 3, 11
List the prime factors of 607.
607
What are the prime factors of 23525?
5, 941
What are the prime factors of 14275?
5, 571
List the prime factors of 4855.
5, 971
List the prime factors of 668.
2, 167
List the prime factors of 16235.
5, 17, 191
What are the prime factors of 411?
3, 137
What are the prime factors of 53923?
53923
List the prime factors of 295.
5, 59
What are the prime factors of 7943?
13, 47
What are the prime factors of 553?
7, 79
List the prime factors of 18428.
2, 17, 271
List the prime factors of 51412.
2, 12853
What are the prime factors of 2745?
3, 5, 61
What are the prime factors of 12579?
3, 7, 599
List the prime factors of 6402.
2, 3, 11, 97
What are the prime factors of 1018?
2, 509
What are the prime factors of 9136?
2, 571
List the prime factors of 751.
751
List the prime factors of 63527.
63527
List the prime factors of 40985.
5, 7, 1171
List the prime factors of 4735.
5, 947
What are the prime factors of 1107?
3, 41
What are the prime factors of 8484?
2, 3, 7, 101
List the prime factors of 1949.
1949
List the prime factors of 1435.
5, 7, 41
List the prime factors of 105124.
2, 41, 641
List the prime factors of 1116.
2, 3, 31
What are the prime factors of 4745?
5, 13, 73
List the prime factors of 65708.
2, 16427
What are the prime factors of 6727?
7, 31
What are the prime factors of 2852?
2, 23, 31
List the prime factors of 295.
5, 59
List the prime factors of 16670.
2, 5, 1667
List the prime factors of 24125.
5, 193
What are the prime factors of 2586?
2, 3, 431
What are the prime factors of 130979?
227, 577
List the prime factors of 651.
3, 7, 31
List the prime factors of 5262.
2, 3, 877
List the prime factors of 279.
3, 31
List the prime factors of 15018.
2, 3, 2503
What are the prime factors of 51422?
2, 7, 3673
List the prime factors of 39246.
2, 3, 31, 211